. Determine s(4).
1
Suppose 5*o = 22 - 7. Let a(c) be the third derivative of 1/60*c**5 + 0*c + 0 - 1/4*c**4 + 4*c**2 + 1/3*c**3. Calculate a(o).
-7
Let i(x) = -x - 5. Let c = 19 - 19. Determine i(c).
-5
Let h(a) = a**3 - 7*a**2 + 3*a - 9. Let i(n) = -n**3 - 5*n**2 - 2*n - 3. Let j be i(-5). Determine h(j).
12
Let u(q) = 3*q**2 - 2*q - 1. Let n be 16/(-6)*9/(-6). Suppose 2*b + 17 = -3*x, 2*x - 5*b + 4 + 1 = 0. Let d = n + x. Determine u(d).
4
Let p(z) be the first derivative of 15*z**4/4 + 5*z**3/3 + 27*z**2/2 - 4*z - 3. Let h(k) = 7*k**3 + 3*k**2 + 13*k - 2. Let r(d) = 13*h(d) - 6*p(d). Give r(-8).
6
Let r(n) = -4*n**2 - 230*n - 5*n**2 + n**3 - 1 - 1 + 239*n. Determine r(8).
6
Let t(k) = -61*k**2 - 10 + 60*k**2 - 11. What is t(0)?
-21
Suppose 2*l - 1 = l, 6 = 2*t - 4*l. Let x(y) = -9*y**3 - 7*y + 3 + 6*y**3 + 15*y**2 + 2*y**3 - 19*y**2 + 2*y**3. What is x(t)?
-7
Suppose q = 5*z - z + 5, -3*q - 3*z = -30. Suppose 7 = -j + q. Let f(a) = -a**2 + a - 2. What is f(j)?
-4
Let u(h) = h - 6. Let r be u(7). Let q be ((-1)/(-1) - 4) + r. Let k(c) be the first derivative of -c**4/4 - 2*c**3/3 - c**2/2 + 1. Determine k(q).
2
Let d be ((-8)/(-4) + 4)/(3/(-4)). Let p(q) = -2*q - 5. Determine p(d).
11
Suppose -5*w + 6 = -4. Suppose -i + w = i. Let k(q) be the first derivative of q**2 + q - 1. Calculate k(i).
3
Suppose 16 - 1 = 5*d. Let j(l) = l. Let q(i) = 2*i**2 - 10*i + 3. Let f(c) = 5*j(c) + q(c). Give f(d).
6
Let y(s) = -s**3 - 8*s**2 - 7*s. Let t be y(-7). Let k = t - 1. Let i(g) = 5*g**2 - g - 1 + 4*g**2 - 2*g**2. Calculate i(k).
7
Let w(b) = -6 + 0*b**2 - 4*b - b - 2*b - b**2. What is w(-4)?
6
Suppose v - 2*d = -3*d, 5*v - 3*d = 40. Let r(m) = -2*m + 7. Give r(v).
-3
Let m = 11 - 5. Suppose -3*a = -0*a + m. Let g(y) = 4*y**2 + y - 4. Let h(z) = -3*z**2 + 3. Let r(u) = -2*g(u) - 3*h(u). Determine r(a).
7
Let b(m) be the third derivative of -m**4/6 - m**3/6 - 14*m**2. Calculate b(1).
-5
Let f(a) = -a**3 - 5*a**2 - 2*a + 1. Let h(v) = -v. Let i(n) = n + 1. Let p(g) = 5*h(g) + 4*i(g). Let b be p(8). Determine f(b).
-7
Let z be (-2)/(-2)*-2 - (-6 + 0). Let o(f) = -f**2 + 5*f - 1. Give o(z).
3
Let a(n) = -5*n + 0 + 3*n + n - 1. What is a(-3)?
2
Suppose d + 9 = 4*d. Let a(h) be the second derivative of -2*h - 4*h**d + 0*h + 5*h**3. Determine a(1).
6
Let d be (-16)/(-6)*9/(-6). Let u(z) = -2*z - 5. Let h be u(d). Suppose 4*o + r + 8 = o, 5*o - h*r = -18. Let j(v) = v**2 + 4*v + 4. Give j(o).
1
Let s(t) = 3*t**3 - 1 - 4*t**3 - 2*t**2 + 0*t + t. Let g(n) = -n**3 + 4*n**2 - n + 2. Let d be g(4). What is s(d)?
-3
Let l(b) = -2*b - 2. Let t be l(-2). Let u(z) be the first derivative of z**3/3 + z**2 - 4*z + 2. Let v(f) = -f + 1. Let w(y) = u(y) + 2*v(y). Calculate w(t).
2
Let y(g) be the second derivative of 0 + g**3 - 5/2*g**2 - 1/12*g**4 - 2*g. Determine y(4).
3
Let i be (3/(-3 - 0))/1. Let x be 2 + (1 + i)/(-2). Let f(s) = 2*s**2 - s - 3. Let w(k) = -k**2 + 2. Let q(c) = -2*f(c) - 3*w(c). Give q(x).
0
Let h(a) = 5*a**3 - 2*a**2 - 4*a**3 + 0*a**3 - 4*a + 3. Let b be 183/9 + (-2)/6. Suppose 3*c + 14 = 5*s, 3*s = -3*c - c + b. What is h(c)?
-5
Let l(r) = -3*r**3 - 2. Let j(y) = -3*y**3 - 1. Let n(x) = -3*j(x) + 2*l(x). Determine n(-1).
-4
Let i = -126 + 136. Let h(a) = 2*a - 5. Determine h(i).
15
Let h = -1 + 6. Let r(y) = -2*y. Let q(l) = -4*l + 1. Let m(s) = h*r(s) - 3*q(s). Give m(-3).
-9
Let w(m) = -m**3 + m**2. Let s be w(0). Let i(u) = u**3 - u + 4. Determine i(s).
4
Let h(b) = -b**2 + 13. Let r be h(3). Let p(g) = g**3 - 3*g**2 - 2*g + 6. Determine p(r).
14
Let o(p) = 2*p + 3. Let y(f) = -f - 2. Let h(i) = 6*o(i) + 11*y(i). Let k be (-1 + 4)*(-20)/12. Determine h(k).
-9
Let z(x) = -x**3 + 5*x**2 + 6*x + 6. Let h be z(6). Let y = h - 4. Let u(l) = 1 - 5 - 1 + l**3 - l + l**y. Determine u(0).
-5
Let q(i) = 6*i + 3. Suppose -x - 5*j = 17, 4*x + 2*j - 5*j = 1. Determine q(x).
-9
Let n(g) = 4*g + 8. Let p(h) = h. Let v(x) = -n(x) + 5*p(x). Give v(0).
-8
Let d(k) be the first derivative of -k**3/3 - 5*k**2/2 - 6*k - 2. Let m = 11 - 15. Give d(m).
-2
Let g(n) = -n**2 + n - 9 - n**3 + n**2 + 8. Determine g(0).
-1
Let d be 0 + 0 + 0 - 2. Let c = 7 + -6. Let f(k) = 6*k**2 + c - 2*k - 5*k**2 + 0*k - 5*k**2. Calculate f(d).
-11
Let x(f) = 9*f - 3. Let r(j) be the first derivative of -5*j**2 + 4*j + 1. Let m(b) = -3*r(b) - 4*x(b). Calculate m(1).
-6
Let k(m) = 4*m. Let p be k(1). Let q be (-7 - -4)/((-6)/p). Let u(x) = x - 4. Let h(n) = -n + 3. Let y(a) = -3*h(a) - 2*u(a). Give y(q).
1
Let k(q) be the third derivative of q**5/60 - 7*q**4/24 + 2*q**3 + 2*q**2. Let d be k(5). Let v(g) = -2*g**2 + 2*g + 1. Give v(d).
-3
Let w(s) be the third derivative of -7/120*s**6 + 1/24*s**4 + 4*s**2 - 1/60*s**5 + 0 + 0*s - 1/6*s**3. Let m = 0 - -1. Give w(m).
-8
Let f = -1 + 1. Let n(t) = t + 6. What is n(f)?
6
Let u(r) = -2*r**3 + 12*r**2 + 12*r + 10. Let o be u(7). Let z(c) = 6*c + 3. Determine z(o).
-21
Let i be (-4)/(-10) - 266/(-35). Suppose -2*m = 2*m - i. Let v(q) = m*q**3 - 3*q**3 + 5*q**2 + 0*q**3 - 1. Determine v(5).
-1
Let f(l) = l**2 - 3*l - 1. Let y(z) = z. Let w(s) = f(s) + 2*y(s). Let r(x) = x**2 + 3*x - 5. Let h(d) = r(d) - 2*w(d). Calculate h(5).
-3
Let u(h) be the third derivative of -h**4/12 + 19*h**3/6 - 9*h**2. Let j be u(12). Let r(a) = a**2 + 3*a - 5. Give r(j).
5
Let a be -1 + (-4 + 2 - -5). Let s(o) = 3 - 5*o + 1 + 3*o**a - 2*o**2. What is s(5)?
4
Let w(f) = f**3 + 4*f**2 - 4*f + 4. Let m be (-48)/9 + 3/9. What is w(m)?
-1
Let w(a) be the first derivative of -a**4/12 + a**3/6 - 2*a**2 + 2. Let i(h) be the second derivative of w(h). Calculate i(-1).
3
Let o = -30 - -37. Let p(g) = -g**3 + 7*g**2 + g - 1. Calculate p(o).
6
Let p(b) = -2*b**3 + 0*b**3 + b**3 - 4 - 3*b + 5*b**2. Calculate p(4).
0
Let o(d) = -d**2 - d + 1. Let u be ((-4)/5)/((-40)/100). Calculate o(u).
-5
Let d(q) = -q - 5. Suppose x + 4*r + 5 = 0, -r - 4*r - 19 = -3*x. Let k(j) = -5 + j**x + 5 + 10*j**2 + j + 5. Let t be k(-10). Determine d(t).
0
Let z = -6 + 9. Let f be z - 1*(-2 + 3). Let t(k) be the second derivative of k**3/2 + k**2 - k. Determine t(f).
8
Let b(h) = -h**2 + 3*h - 3. Let t be 3/((42/4)/7). Suppose -k - 3*u - 12 = 0, -k + u = -2*k - t. Calculate b(k).
-3
Let b(n) = -n**3 - n**2 - 1. Let i = 20 + -22. Determine b(i).
3
Let u(t) be the second derivative of -t**5/20 + t**4/4 + 5*t**3/6 - t**2/2 - 2*t. Let s be u(4). Suppose s*k = -0*k + 3. Let q(m) = 3*m. Calculate q(k).
3
Let v = -6 - -8. Let d(t) = 5*t + 3*t**2 + 5 - 2*t**v - 1. Give d(-3).
-2
Suppose -12*a = -9*a. Let g(s) = -3*s - s + s**2 + 3*s - 4. What is g(a)?
-4
Let w = 6 - 1. Let a(u) = -u + 5. Let s be a(w). Suppose -16 = 4*r - 3*t, s*r - r = 4*t - 15. Let v(i) = -5*i**3 + i**2. What is v(r)?
6
Let g(c) = -5*c + 12. Let f(w) = -15*w + 3 + 11*w + 3*w. Let o(j) = 9*f(j) - 2*g(j). Calculate o(-3).
0
Let k be (31 - 3)*1/(-2). Let j be (-4)/14 + (-4)/k. Let y(r) = j*r + r + r. What is y(3)?
6
Let j(f) = -f - 2. Let t be 0 - 3/(-12)*-6*-2. Give j(t).
-5
Let u(o) = -o - 1. Let m(h) = 4*h + 2. Let y(i) = 5*i + 1. Let l(x) = 3*m(x) - 2*y(x). Let c(q) = l(q) + 3*u(q). Calculate c(-2).
3
Let i(d) = -d**2 - 8*d - 2. Suppose 5*b = 10*b - 15. Suppose -2*p - 4*s - b = 9, s = -5*p - 30. Calculate i(p).
10
Let f(l) = 6*l**2 + l + 1. Let d = 16 + -17. Calculate f(d).
6
Let l(b) = -b**3 + 5*b**2 + 2*b - 3. Suppose 0*n - n + 7 = 0. Let z = n - 17. Let f = -5 - z. Give l(f).
7
Let a(j) be the second derivative of 3*j + 3/2*j**2 + 1/6*j**3 + 0. Let i be (0 - -1)/(2/(-4)). Give a(i).
1
Let s(w) = w + 5. Let z be s(-3). Let m(q) = -8*q**3 + 2 - 4*q**2 + 7*q**3 + z. What is m(-4)?
4
Let a(l) = -l**2 + 4*l + 5. Let y(u) = 2*u**2 - 9*u - 9. Let h(t) = 7*a(t) + 3*y(t). What is h(0)?
8
Let a(s) = 13*s**3 + s**2 - 1. Let y = -78 - -77. Give a(y).
-13
Suppose 3*p = -3*d + 21, 4*p = -5*d + 3*p + 19. Let f(l) be the third derivative of -1/6*l**d + 0 - 2*l**2 + 1/60*l**5 + 5/24*l**4 + 0*l. Determine f(-5).
-1
Let y(k) be the first derivative of k**4/12 + k**3/6 + 5*k**2/2 - 10*k - 5. Let n(j) be the first derivative of y(j). Let t be (0 - -1 - 0)*0. What is n(t)?
5
Let s = -17 + 23. Suppose 2*p = 4*t - 4, 2*p + t + 8 = s*t. Let u(y) = -y**3 + 6*y**2 + 5. What is u(p)?
5
Suppose -1 + 5 = -4*k. Let c(a) = -6*a**2. Calculate c(k).
-6
Let a(w) = -w**2 